) = 5*y + 6. Suppose 33 - 29 = 2*b. What is the units digit of h(b)?
6
Let p(q) = q**2 - 16*q + 857. What is the tens digit of p(0)?
5
Let o(i) = 15*i**2 + 9*i - 9. What is the hundreds digit of o(-6)?
4
Suppose -5 = 4*p - 5*p. Suppose -l = 2*u - 203, p*u + 5*l - 97 = 4*u. What is the tens digit of u?
0
Let l be ((-6)/(-9))/(2/30). What is the units digit of (-1)/(((-3)/16)/(l - 4))?
2
Suppose 5*o + 2 = -3. Let x be (156/(-30))/(1/10). What is the tens digit of (o/(-2))/((-1)/x)?
2
Let h be 6/4*164/6. Suppose -4*p = 11 - 3, 5*l + 2*p = h. Let z(v) = -v**3 + 8*v**2 + 12*v - 9. What is the units digit of z(l)?
8
Let g = -2401 + 3730. What is the units digit of g?
9
Suppose h = 19 + 7. Let a = h - -31. Suppose -2*u + 11 = -a. What is the units digit of u?
4
Let h(b) = 41*b**3 + b**2 - 9*b + 9. Let p(g) = 3*g**2 + 17*g + 12. Let c be p(-5). What is the units digit of h(c)?
3
Suppose 0 = 4*y - 3*m - 4240, -12*y + 14*y + m - 2130 = 0. What is the thousands digit of y?
1
Let h = 15 - 13. Let l = -3 + h. Let m = l + 4. What is the units digit of m?
3
Let s(d) be the third derivative of d**5/60 - 5*d**4/12 + 2*d**3/3 + 4*d**2. Let p be s(8). What is the tens digit of ((-50)/4)/(3/p)?
5
Let j be ((-144)/60)/((-2)/(-35)). What is the units digit of (-250 - -1)*j/63?
6
Let y(q) = 16*q**3 - 4*q**2 - q + 6. Let p be y(2). Let f = 203 - p. What is the units digit of f?
7
Let c = -639 - -1078. What is the hundreds digit of c?
4
Let w(v) = v**2 - 3*v. Let p be w(3). Suppose p = 58*t - 56*t - 120. What is the units digit of t?
0
Let o = 2363 - 1683. What is the units digit of o?
0
Suppose -2*d - 5 = -7*d. Suppose -d - 7 = -2*i. What is the tens digit of i/(1/(-12)*-3)?
1
What is the units digit of (-2)/4*-2733*(-32)/(-24)?
2
Suppose -c + 4*c = 3. Let z(y) = 123*y - 120*y + 0 - c. What is the tens digit of z(6)?
1
Suppose -2*h = 2*h + 16, 4*h + 66 = 5*x. Suppose 5*g = -x, -3*g = 4*d - 0*g - 114. What is the tens digit of d + 0/(8/4)?
3
Let g(y) = 52 + 8 + 7*y + 5. What is the tens digit of g(0)?
6
Suppose -3*w = w. Suppose w = u + 4*x - 6*x - 29, 3*u - 96 = -3*x. What is the tens digit of u?
3
Let x = -386 - -711. What is the tens digit of x?
2
Let q(v) = 189*v**3 - v**2 + 8*v - 8. What is the hundreds digit of q(1)?
1
Let o = -143 - -46. Let i = 182 - o. What is the units digit of i?
9
Suppose 3*n - 2*i - 19 = 0, -n - 2*n - 3*i = 6. Suppose -5*q = -n*q - 68. What is the tens digit of q?
3
Let c(f) = -3 - 17*f**3 + 4 + 83*f**3 + 0*f**2 - 3*f**2. What is the units digit of c(1)?
4
Let p be 6/(-5)*((-138)/(-18) - 1). Let n = p + 268. What is the tens digit of n?
6
Let z(c) = -38*c - 61. What is the tens digit of z(-12)?
9
Let i be ((-12)/3 + 4)/(-3). Suppose 3*o = 2*b + 8, i*o = -o - 5*b - 3. Suppose 4*k = o*k + 22. What is the units digit of k?
1
Let s be -3 + 9*(4/12 + 0). What is the units digit of ((-2)/(-2) + s)/(2/6)?
3
Let y(k) = -47*k - 183. What is the units digit of y(-22)?
1
Let h(a) = -a**3 - 7*a**2 + 7*a + 6. Let g(o) = -9*o**2 + 3*o - 2. Let i be g(1). What is the units digit of h(i)?
4
Let y be (3/2)/((-1)/2). Let x = 38 - -27. What is the units digit of (x/10)/(y/(-12))?
6
Let p(n) = n - 13. Let x be p(7). Let f be (-20)/15*x/4. Suppose f*j = j + 13. What is the units digit of j?
3
Let p(i) = 36*i + 1. Let s be p(2). Suppose 5*a = -2*b + 4*b - s, 33 = 2*b + 3*a. What is the tens digit of b?
2
Let o(d) be the first derivative of d**2/2 + 14*d + 1. Let y be o(-10). Suppose -2*q - 5*m + m + 14 = 0, -y*q = -4*m - 28. What is the units digit of q?
7
Suppose -3*i + 4*n + 1693 = 0, -3*i = 3*n - 1567 - 140. What is the hundreds digit of i?
5
Let g(l) = 30*l - 13. Let f be g(11). Suppose -s + f = 4*b, 5*b + 235 = -2*s + 629. Suppose 4*c - 16 - b = 0. What is the units digit of c?
4
Let m(j) = 4*j**2 - 2*j + 3. Let a be m(-6). Suppose -3*i = -5*l - 183, -3*l = -3*i - 6*l + a. Suppose 3*d - 170 = -i. What is the units digit of d?
8
Let d(q) = 22*q**2 + 26*q + 17. What is the thousands digit of d(-8)?
1
Suppose 10*w - 3240 = 7*w. Suppose j = -4*j + w. What is the hundreds digit of j?
2
Suppose 3*q - 5*n - 5 = 0, 4*n + 0 + 4 = 5*q. Suppose -5*r = -5*v - 2*r + 5, 4*v - r + 3 = q. What is the units digit of (v/(1 + 1))/(-1)?
1
Suppose -1273 = -2*f + z, 4*z + 110 = 106. What is the hundreds digit of f?
6
Let w = 15 - 13. Suppose 0 = w*p + 3*p - 315. What is the tens digit of p?
6
Suppose -s + 0*c + c + 440 = 0, -4*c = 0. What is the units digit of s?
0
Suppose -5*t + 95 = 5*r, -7*r + 3*t + 103 = -2*r. Suppose -4*l + r = -940. Suppose l = -3*b + 8*b. What is the tens digit of b?
4
Suppose 9*y - 4871 = 1060. Suppose 2*u + 107 = y. What is the units digit of u?
6
What is the units digit of (-6)/(-33) + (9804/44 - -1)?
4
Suppose -390 = -t - 2*l, 0 = 2*t + l - 2*l - 765. What is the tens digit of t?
8
Suppose 0 = -17*r + 180 + 92. What is the hundreds digit of 8/(r/630) + (-9 - -6)?
3
Suppose 8 = -3*a - 4*u, 12 = -5*a + 2*u + 42. Suppose 0 = -x + a - 2. Suppose -2*n = -x*c + 100, -3*c + 153 = -2*n - 2*n. What is the units digit of c?
7
Let t be ((-15)/12)/((-1)/4). Suppose -16 = -4*m - 2*d, 3*m - m = -t*d. Suppose -2*w + 8 = 3*f, 0 = -m*w - 5*f + 23 + 7. What is the tens digit of w?
1
Suppose g + 3*g = 548. Suppose 3*o + g = 2*n, -5*n + 0*o + 405 = 5*o. What is the tens digit of n?
7
Let p(q) = q + 16. Let o be p(-11). Suppose -o*d + d = -100. What is the tens digit of d?
2
Let o(s) = -s**2 - 5*s - 2. Let p be o(-3). Let j be (((-128)/24)/(-8))/(3/18). What is the tens digit of 21/p*(j + 0)?
2
Suppose -3*k + 1480 = -809. What is the units digit of k?
3
Suppose 0 = -3*x + 45 - 3. Let c = 19 - x. Suppose -b - 2 + 37 = c*r, 0 = -b + 2*r. What is the units digit of b?
0
Suppose 506 = 6*h + 290. What is the tens digit of h?
3
Let c be 14 + -3 + (-8 - -5). What is the hundreds digit of 6310/35 + c/(-28)?
1
Let a be 4/10 - (-2)/(-5) - -4. Let l be (3 + -1)*(-6)/(-4). Suppose 8*h = -3*t + 3*h + 62, 0 = -a*t - l*h + 68. What is the tens digit of t?
1
Let q(n) = -n**3 + 4*n**2 + 6*n - 5. Let r be q(5). Suppose -2*y + 7*y - 335 = -4*b, -5*b + 460 = -2*y. Suppose -b = -r*k - 5*k. What is the units digit of k?
8
Let l = -2081 - -3675. What is the thousands digit of l?
1
Let p = -238 + 685. What is the tens digit of p?
4
Let a = -455 + 695. What is the tens digit of (4/5)/(4/a)?
4
Suppose -4*i = 4*q - 16, i + 2*q - 2 = 7. What is the tens digit of 1 + (-1)/((-33)/(-34) + i)?
3
Suppose -3*q - 84 = -3*w, -50 = -2*w - 0*w + 5*q. Let c be (-20)/w - 34/(-6). Suppose c*m - 35 = 5. What is the units digit of m?
8
Let u = 159 + 39. Suppose 0 = 5*c - 4*k + u, -32 = 5*c + 3*k + 187. Let v = c - -76. What is the units digit of v?
4
Suppose -2*a - 67 = 4*q + q, 3*a + 2*q = -73. Let j = -4 + a. Let c = j - -51. What is the tens digit of c?
2
Let q(w) = 2*w**3 + 3*w**2 - 3*w + 1. Let u be q(1). Suppose 0 = -u*r + 4*t + 356 - 39, -3*r + 329 = -t. What is the tens digit of r?
1
Let d(c) = 33*c**2 - 1. Let l be -8*(-3 + 4) + -3. Let r = l - -12. What is the units digit of d(r)?
2
Let j be ((-16)/(-12))/((-2)/(-6)). Suppose -j*z = 2*g - 34, 2*g - 7*g + 73 = -2*z. What is the units digit of g?
5
Let g be 3 + 0 - (-1 + -1). Suppose 2*v = g*v - 237. Suppose 3*m - 3*l - 110 = -m, 3*m - 4*l - v = 0. What is the tens digit of m?
2
Let l(o) = o**3 - 8*o**2 + 3*o + 1080. What is the tens digit of l(0)?
8
Let w = 3773 + -1159. What is the hundreds digit of w?
6
Suppose 745*v + 3864 = 749*v. What is the tens digit of v?
6
Let s(w) = 2*w**2 - 3*w + 9 - 6 - w**2 + 1. What is the units digit of s(-3)?
2
Suppose 322 = -2*f - r, -2*f - 334 = -0*f + 4*r. Let g = -203 + 199. What is the units digit of -3*(f/9 - g)?
1
Suppose 2*b - 4*f + 53 + 115 = 0, -4*b = -5*f + 351. Let v = b + 198. What is the hundreds digit of v?
1
Suppose s + 3*m + 313 = 0, 3*s + 750 = 4*m - 124. Let i = s + 428. What is the tens digit of i?
3
Let j = -51 + 78. Let s = j - -163. What is the units digit of s?
0
Let t(m) = -m**3 - 9*m**2 - 10*m + 6. Let c be t(-9). Let a be (-2)/(-10) + 18/10. Suppose -c = -a*q - 26. What is the tens digit of q?
3
Suppose 4*k = -2*b + 9304, -3*b - 6464 - 5155 = -5*k. What is the units digit of k?
5
Let t = -212 - -555. Suppose t = 5*i + 2*i. What is the units digit of i?
9
Suppose 0*i + 2*i - 57 = f, 2*f = -